vided by x?
11
Suppose -9*z = -3*z - 1134. Suppose 0 = -36*y + 581 - 5. What is the remainder when z is divided by y?
13
Suppose -241*h = 30485 - 158697. What is the remainder when h is divided by 91?
77
Suppose 0 = 5*q - 2*z - 155, 0 = -8*q + 4*q - 2*z + 106. Calculate the remainder when 218 is divided by q.
15
What is the remainder when 3143 is divided by ((-680)/4)/(19 + -21)?
83
Calculate the remainder when 3/(-9) + ((-8)/(-28) - (-4520)/105) is divided by 43.
0
Suppose 4*t + 92 = 6*t + 4*f, -172 = -4*t - 5*f. Calculate the remainder when 54 is divided by t.
16
Let u(l) = -l**3 - 19*l**2 + 56*l + 284. What is the remainder when u(-22) is divided by 483?
21
Suppose 186 = 2*p + m, p - 158*m + 160*m = 90. Calculate the remainder when 755 is divided by p.
3
Suppose 259 = 16*t + 19. Let j be ((-49)/(-2))/((-1)/(-2)). What is the remainder when t is divided by 427/j - (-4)/14?
6
Suppose -446 - 706 = 9*m. Let w = -77 - m. What is the remainder when 202 is divided by w?
49
Suppose -86*j + 133*j = 34357. What is the remainder when j is divided by 14?
3
Let b(d) = -d**3 + 13*d**2 + 12*d + 23. Let x be b(14). Let t(r) = -51*r - 107. Calculate the remainder when t(x) is divided by 52.
44
Let v = -14255 - -14350. Calculate the remainder when 5790 is divided by v.
90
Let m(p) = p**3 - 121*p**2 + 470*p - 93. What is the remainder when 637 is divided by m(117)?
73
What is the remainder when 191 is divided by (29 + 266/14)/((-6)/(-8))?
63
Let v(l) = 424*l + 5197. What is the remainder when v(-5) is divided by 16?
5
Let t = 7776 - 7771. Calculate the remainder when 1900 is divided by t.
0
Let q(c) = -50 + 23 + 3*c - 7*c - c - 10*c. Let h = -8 + 4. Calculate the remainder when 195 is divided by q(h).
30
Let j(k) = -2*k**3 - 9*k**2 - 7*k. Suppose -6049 = -5*t + p, -5*p = -0*p + 20. Calculate the remainder when 4/18 - t/(-27) is divided by j(-4).
9
Let m = 183 + 1. Calculate the remainder when (-182)/52*m/(-14) is divided by 24.
22
Suppose -5*r + 2*o + 7001 = 0, -49*r - 1417 = -50*r - 2*o. What is the remainder when r is divided by 19?
16
Suppose 0 = 7*r - 2*r + 2*n - 34, 2*r + 5*n - 1 = 0. Let q be (-102)/(-48) + (2 - 17/r). Calculate the remainder when 69 is divided by 7 + q + 3 + 0.
9
Let r = -5910 + 10171. What is the remainder when r is divided by 164?
161
Suppose -4*f + 2*m + 40 + 38 = 0, 5*f + m = 94. Suppose -4*u + l + 4*l + 313 = 0, -92 = -u + 4*l. What is the remainder when u is divided by f?
15
Suppose -46 = -y - d, 0*y - 182 = -4*y - 5*d. Suppose -2*p = -6*p + y. Suppose -3*x + p = -24. Calculate the remainder when 35 is divided by x.
11
Let i(n) = 5*n**3 + 5*n**2 + 25*n - 14. Let x be i(6). Suppose 25*l = x - 46. Calculate the remainder when l is divided by 10.
4
Let h be (11 - 9)/((-4)/6) - -358. Let d = h - 174. Calculate the remainder when d is divided by 26.
25
Let t be -1*27/(-3)*2/(-3). Let z(p) = 2*p**3 + 13*p**2 - 4*p - 1. Calculate the remainder when z(t) is divided by 3.
2
Let o(p) = -218*p + 22. What is the remainder when 207 is divided by o(0)?
9
Suppose 7*b - 1674 = 370. Let j = -120 + b. What is the remainder when j is divided by 22?
18
Let s = 99 - 96. Suppose -5*k + 5*u = -165, 4*k = s*u - u + 124. Calculate the remainder when 144 is divided by k.
28
Suppose -6*v + 5*v = -2. Suppose v*f + 0*f = q - 55, -3*f = 9. What is the remainder when q is divided by 17?
15
Let n = -9947 + 10905. Let x(f) = f**3 + 2*f + 12. What is the remainder when n is divided by x(0)?
10
Let i be (54/30)/((-6)/(-1420)). Let j = -364 + i. What is the remainder when 369 is divided by j?
59
Suppose 11 = c + 4*x + 5, -4*x = -8. Let w(s) = -s**2 + 5*s + 5. Let q be w(6). Calculate the remainder when c + q + (-3 + -252)/(-3) is divided by 17.
14
Let n = 64 - 64. Suppose -l + 5*j + 3 = n, -5*j = -10*j + 5. Calculate the remainder when 48 is divided by l.
0
Let n = 258 - 134. Suppose -n = -4*p + 4*t, -5*p + t + t + 140 = 0. Calculate the remainder when p is divided by 11.
4
Suppose 0 = 10*c - 19*c + 765. Suppose 0 = 14*p - c - 195. What is the remainder when 79 is divided by p?
19
Let n = -26 - -45. Suppose -411*l - 1470 = -460*l. Calculate the remainder when l is divided by n.
11
Let n = -147 - -149. Let b(p) = -p + 5. Let h be b(5). Let c = h - -6. What is the remainder when c is divided by n?
0
Suppose 5*q = -3*q - 3448. Let m = q - -604. What is the remainder when m is divided by 25?
23
Let q = 11986 - 9740. What is the remainder when q is divided by 21?
20
Let s(p) = 3*p**2 + 20*p + 22. Let q be s(-15). Suppose -17*w = -q - 11. Calculate the remainder when 88 is divided by w.
16
Let w(v) = v**3 - 13*v**2 + 11*v - 7. Suppose -3*t + 17 = -19. Let o be w(t). Let k = o - -44. Calculate the remainder when 122 is divided by k.
22
Let d = 2053 + -1806. Calculate the remainder when d is divided by 41.
1
Calculate the remainder when ((44/36 - 1) + 74/(-9))*-114 is divided by 15.
12
Suppose 7*x - 100 = -13*x. Suppose 1 = 4*g - 5*q + 5, 12 = 3*q. Suppose -x*k + g*k = -61. Calculate the remainder when k is divided by 16.
13
Let q(w) = -7*w - 108. Calculate the remainder when q(-16) is divided by ((-2 - -8) + -8)/(-2).
0
Calculate the remainder when (((-168)/(-196))/(16/(-28)))/(6/(-1228)) is divided by 52.
47
Suppose -889 = 2*z - 6*z - 5*p, 0 = -2*z + 4*p + 438. What is the remainder when z is divided by 29?
18
Let g = 1371 - 1266. Calculate the remainder when 340 is divided by g.
25
What is the remainder when (1/(-2))/(21 + 542476/(-25832)) is divided by 95?
94
Suppose 1906 - 15360 = -31*d. Suppose 5*r - 147 = -3*v + 397, d = 4*r + 3*v. What is the remainder when r is divided by 20?
10
Let a = 94 + -47. Suppose -65 = -13*s + 13. Suppose -s*u + 76 + 20 = 0. What is the remainder when a is divided by u?
15
Let t = -54 + 57. Suppose q = -6*q + 35. Suppose 2*f = t*s + 98, 3*s - 203 = -q*f - 0*s. Calculate the remainder when f is divided by 22.
21
Calculate the remainder when 1289 is divided by 1 - 9 - -2 - (-8)/(48/258).
31
Let c(s) be the first derivative of s**3 + 57*s**2/2 - 36*s + 51. What is the remainder when 87 is divided by c(-20)?
15
Suppose 200*p - 143*p - 6156 = 0. What is the remainder when 200 is divided by p?
92
Suppose -8*o + 7*x + 71 = -5*o, -5*o + x + 33 = 0. What is the remainder when 2097 is divided by o?
2
What is the remainder when (25245/(-198))/(12/(-56)) is divided by 587?
8
Suppose 4*l = 4*u + 2304, 2*l - 1188 = -u - 3*u. Calculate the remainder when 1761 is divided by l.
15
Suppose -17*j + 250 + 98 - 8 = 0. Suppose 16 = 4*r - 2*r. Calculate the remainder when j is divided by r.
4
Let x = 7311 - 5262. What is the remainder when x is divided by 57?
54
Let l(r) = r**3 - 9*r**2 + 18*r + 6. Let s be l(9). Suppose 15*c - 42 - s = 0. What is the remainder when 24 is divided by c?
10
Let s(m) = m**3 - 3*m**2 - 3*m + 173. Let p be s(0). Let g = 502 - p. Calculate the remainder when g is divided by 30.
29
Let c = -2924 - -3038. What is the remainder when 418 is divided by c?
76
Let x(s) = s**3 + 13*s**2 + 27*s - 26. Let k be x(-10). Suppose -3*h - c + 1457 = 0, -2*h - 482 = -3*h - k*c. Calculate the remainder when h is divided by 61.
59
Let v = -34360 + 34405. What is the remainder when 4408 is divided by v?
43
Let q(f) = -f**2 - 26*f - 128. Let b be q(-28). Let h = -97 - b. Calculate the remainder when h is divided by 25.
12
Suppose 11*d - 5687 = -825. Let q = d - 273. Calculate the remainder when q is divided by 57.
55
Suppose 11 = -2*k + 27. Suppose 5*a - 3*n - 1095 = -k*n, -5*n + 872 = 4*a. What is the remainder when a is divided by 28?
27
Let z = 8598 + -8574. Calculate the remainder when 5087 is divided by z.
23
Let s(w) = -w**3 - 39*w**2 + 41. Let h be s(-39). Suppose -311 = -22*j + h. What is the remainder when 43 is divided by j?
11
Let d(o) = 7*o - 67. Let s be d(10). Suppose -5*y = -s*b + 351 + 531, 0 = 4*b - 5*y - 1171. What is the remainder when b is divided by 42?
37
Let b(k) be the second derivative of -3/2*k**2 + 0 + 18*k + k**4 - 1/6*k**3 + 1/10*k**5. Calculate the remainder when 14 is divided by b(-6).
2
Suppose -u - 3*o - 25 = 2*o, o = 5*u - 5. Suppose -5*d - 6*s + 8*s + 171 = u, 2*d = s + 69. Let f = d + -14. Calculate the remainder when f is divided by 5.
4
Let z = 17420 - 17409. Let b = -3 + 0. Let i(k) = -5*k + 4. Calculate the rem